{"id":9445,"date":"2024-10-17T20:21:46","date_gmt":"2024-10-18T00:21:46","guid":{"rendered":"https:\/\/dev1.micro-esthetique.com\/product\/firming-mist\/"},"modified":"2024-10-17T20:21:46","modified_gmt":"2024-10-18T00:21:46","slug":"firming-mist","status":"publish","type":"product","link":"https:\/\/dev1.micro-esthetique.com\/en\/product\/firming-mist\/","title":{"rendered":"Firming mist"},"content":{"rendered":"<p>This refreshing mist visibly firms, moisturizes and gives your skin an instant radiance boost. A stem cell complex from a rare organic Swiss Alpine flower that survived the Ice Age is combined with hyaluronic acid, antioxidant-rich organic Swiss Alpine products and mineral-rich Alpine waters to produce a formula that makes skin look and feel more hydrated, lifted and radiant all day long. <\/p>\n<pre><span class=\"Y2IQFc\">\n* l\u00e9g\u00e8rement parfum\u00e9 \u00e0 la citronnelle fra\u00eeche et d'origine naturelle et \u00e0 la verveine citronn\u00e9e\n\nVISIBILIT\u00c9 FERME &amp; BOOSTE L'\u00c9CLAT DE LA PEAU\n\nHydrate et ravive instantan\u00e9ment la peau\nAugmente l'apparence de la fermet\u00e9 et de l'\u00e9lasticit\u00e9 de la peau\nFournit une hydratation rafra\u00eechissante et une protection antioxydante\nAffine et am\u00e9liore la texture de la peau et augmente l'\u00e9clat\n \n \nPour tous les types de peau.<\/span><\/pre>\n","protected":false},"excerpt":{"rendered":"<p>This refreshing mist visibly firms, moisturizes and gives your skin an instant radiance boost. A stem cell complex from a rare organic Swiss Alpine flower that survived the Ice Age is combined with hyaluronic acid, antioxidant-rich organic Swiss Alpine products and mineral-rich Alpine waters to produce a formula that makes skin look and feel more [&hellip;]<\/p>\n","protected":false},"featured_media":7574,"comment_status":"closed","ping_status":"closed","template":"","meta":{"_acf_changed":false},"product_cat":[104],"product_tag":[],"class_list":{"0":"post-9445","1":"product","2":"type-product","3":"status-publish","4":"has-post-thumbnail","6":"product_cat-luzern-en","8":"first","9":"instock","10":"taxable","11":"shipping-taxable","12":"purchasable","13":"product-type-simple"},"acf":[],"_links":{"self":[{"href":"https:\/\/dev1.micro-esthetique.com\/en\/wp-json\/wp\/v2\/product\/9445","targetHints":{"allow":["GET"]}}],"collection":[{"href":"https:\/\/dev1.micro-esthetique.com\/en\/wp-json\/wp\/v2\/product"}],"about":[{"href":"https:\/\/dev1.micro-esthetique.com\/en\/wp-json\/wp\/v2\/types\/product"}],"replies":[{"embeddable":true,"href":"https:\/\/dev1.micro-esthetique.com\/en\/wp-json\/wp\/v2\/comments?post=9445"}],"wp:featuredmedia":[{"embeddable":true,"href":"https:\/\/dev1.micro-esthetique.com\/en\/wp-json\/wp\/v2\/media\/7574"}],"wp:attachment":[{"href":"https:\/\/dev1.micro-esthetique.com\/en\/wp-json\/wp\/v2\/media?parent=9445"}],"wp:term":[{"taxonomy":"product_cat","embeddable":true,"href":"https:\/\/dev1.micro-esthetique.com\/en\/wp-json\/wp\/v2\/product_cat?post=9445"},{"taxonomy":"product_tag","embeddable":true,"href":"https:\/\/dev1.micro-esthetique.com\/en\/wp-json\/wp\/v2\/product_tag?post=9445"}],"curies":[{"name":"wp","href":"https:\/\/api.w.org\/{rel}","templated":true}]}}

<p>This refreshing mist visibly firms, moisturizes and gives your skin an instant radiance boost. A stem cell complex from a rare organic Swiss Alpine flower that survived the Ice Age is combined with hyaluronic acid, antioxidant-rich organic Swiss Alpine products and mineral-rich Alpine waters to produce a formula that makes skin look and feel more hydrated, lifted and radiant all day long. </p>
<pre><span class="Y2IQFc">
* légèrement parfumé à la citronnelle fraîche et d'origine naturelle et à la verveine citronnée

VISIBILITÉ FERME &amp; BOOSTE L'ÉCLAT DE LA PEAU

Hydrate et ravive instantanément la peau
Augmente l'apparence de la fermeté et de l'élasticité de la peau
Fournit une hydratation rafraîchissante et une protection antioxydante
Affine et améliore la texture de la peau et augmente l'éclat
 
 
Pour tous les types de peau.</span></pre>
