{"id":7727,"date":"2024-10-17T20:22:53","date_gmt":"2024-10-17T20:22:53","guid":{"rendered":"https:\/\/dev1.micro-esthetique.com\/?post_type=product&#038;p=7727"},"modified":"2025-06-11T14:25:59","modified_gmt":"2025-06-11T18:25:59","slug":"creme-force-de-vie-legere-luzern","status":"publish","type":"product","link":"https:\/\/dev1.micro-esthetique.com\/en\/produit\/creme-force-de-vie-legere-luzern\/","title":{"rendered":"Cr\u00e8me force de vie L\u00e9g\u00e8re Luzern"},"content":{"rendered":"<p>Cr\u00e8me force de vie L\u00e9g\u00e8re de Luzern<\/p>\n<p>Hydratez votre peau avec la version plus l\u00e9ger de la Cr\u00e8me de Luxe Force de Vie originale.<\/p>\n<p>L&#8217;extrait de l&#8217;eau Alpine Organics de les montagnes suisse, m\u00e9lang\u00e9 \u00e0 froid \u00e0 froid avec notre complexe exclusif MFC, Multi-Fermentation Complexe ( un extrait puissant et rapide d&#8217;oxyg\u00e8ne, de peptides, de co-enzyme Q10, d&#8217;acide Hyaluronique, de probiotiques et de vitamines) cr\u00e9ent la cr\u00e8me la plus parfaite au monde.\u00a0 L\u00e9g\u00e8re mais luxueuse, juste une goutte de cette cr\u00e8me profond.ment r\u00e9paratrice offre un voile d&#8217;humidit\u00e9 exquis au toucher pour une lueur instantan\u00e9e de ros\u00e9e et radieuse.<\/p>\n<p>Pour tous les types de peaux, en particulier les\u00a0 peaux normales , mixtes ou dans les climats plus chaud.<\/p>\n<p>Utilisation: Activez une goutte ou deux de cr\u00e8me en r\u00e9chauffant entre les doigts. Appuyez doucement , puis balayez sur la peau dans un mouvement vers le haut et vers l&#8217;ext\u00e9rieur. En cas d&#8217;irritation, arr\u00eatez imm\u00e9diatement l&#8217;application.<\/p>\n","protected":false},"excerpt":{"rendered":"<p>Cr\u00e8me force de vie L\u00e9g\u00e8re de Luzern Hydratez votre peau avec la version plus l\u00e9ger de la Cr\u00e8me de Luxe Force de Vie originale. L&#8217;extrait de l&#8217;eau Alpine Organics de les montagnes suisse, m\u00e9lang\u00e9 \u00e0 froid \u00e0 froid avec notre complexe exclusif MFC, Multi-Fermentation Complexe ( un extrait puissant et rapide d&#8217;oxyg\u00e8ne, de peptides, de [&hellip;]<\/p>\n","protected":false},"featured_media":7759,"comment_status":"closed","ping_status":"closed","template":"","meta":{"_acf_changed":false},"product_cat":[21,51,61,54,55],"product_tag":[],"class_list":{"0":"post-7727","1":"product","2":"type-product","3":"status-publish","4":"has-post-thumbnail","6":"product_cat-uncategorized","7":"product_cat-marques","8":"product_cat-luzern","9":"product_cat-imperfections","10":"product_cat-cremes","12":"first","13":"instock","14":"taxable","15":"shipping-taxable","16":"purchasable","17":"product-type-simple"},"acf":[],"_links":{"self":[{"href":"https:\/\/dev1.micro-esthetique.com\/en\/wp-json\/wp\/v2\/product\/7727","targetHints":{"allow":["GET"]}}],"collection":[{"href":"https:\/\/dev1.micro-esthetique.com\/en\/wp-json\/wp\/v2\/product"}],"about":[{"href":"https:\/\/dev1.micro-esthetique.com\/en\/wp-json\/wp\/v2\/types\/product"}],"replies":[{"embeddable":true,"href":"https:\/\/dev1.micro-esthetique.com\/en\/wp-json\/wp\/v2\/comments?post=7727"}],"wp:featuredmedia":[{"embeddable":true,"href":"https:\/\/dev1.micro-esthetique.com\/en\/wp-json\/wp\/v2\/media\/7759"}],"wp:attachment":[{"href":"https:\/\/dev1.micro-esthetique.com\/en\/wp-json\/wp\/v2\/media?parent=7727"}],"wp:term":[{"taxonomy":"product_cat","embeddable":true,"href":"https:\/\/dev1.micro-esthetique.com\/en\/wp-json\/wp\/v2\/product_cat?post=7727"},{"taxonomy":"product_tag","embeddable":true,"href":"https:\/\/dev1.micro-esthetique.com\/en\/wp-json\/wp\/v2\/product_tag?post=7727"}],"curies":[{"name":"wp","href":"https:\/\/api.w.org\/{rel}","templated":true}]}}

Crème force de vie Légère Luzern

<p>Crème force de vie Légère de Luzern</p>
<p>Hydratez votre peau avec la version plus léger de la Crème de Luxe Force de Vie originale.</p>
<p>L&#8217;extrait de l&#8217;eau Alpine Organics de les montagnes suisse, mélangé à froid à froid avec notre complexe exclusif MFC, Multi-Fermentation Complexe ( un extrait puissant et rapide d&#8217;oxygène, de peptides, de co-enzyme Q10, d&#8217;acide Hyaluronique, de probiotiques et de vitamines) créent la crème la plus parfaite au monde.  Légère mais luxueuse, juste une goutte de cette crème profond.ment réparatrice offre un voile d&#8217;humidité exquis au toucher pour une lueur instantanée de rosée et radieuse.</p>
<p>Pour tous les types de peaux, en particulier les  peaux normales , mixtes ou dans les climats plus chaud.</p>
<p>Utilisation: Activez une goutte ou deux de crème en réchauffant entre les doigts. Appuyez doucement , puis balayez sur la peau dans un mouvement vers le haut et vers l&#8217;extérieur. En cas d&#8217;irritation, arrêtez immédiatement l&#8217;application.</p>

<p>Crème force de vie Légère de Luzern Hydratez votre peau avec la version plus léger de la Crème de Luxe Force de Vie originale. L&#8217;extrait de l&#8217;eau Alpine Organics de les montagnes suisse, mélangé à froid à froid avec notre complexe exclusif MFC, Multi-Fermentation Complexe ( un extrait puissant et rapide d&#8217;oxygène, de peptides, de [&hellip;]</p>
