{"id":10200,"date":"2024-11-20T17:59:01","date_gmt":"2024-11-20T21:59:01","guid":{"rendered":"https:\/\/dev1.micro-esthetique.com\/?post_type=product&#038;p=10200"},"modified":"2024-11-26T14:42:20","modified_gmt":"2024-11-26T18:42:20","slug":"g-m-collin-4d-visible-lifting-serum","status":"publish","type":"product","link":"https:\/\/dev1.micro-esthetique.com\/en\/produit\/g-m-collin-4d-visible-lifting-serum\/","title":{"rendered":"G.M. COLLIN 4D Visible lifting S\u00e9rum"},"content":{"rendered":"<p>Sp\u00e9cifiquement formul\u00e9 pour agir au niveau du cou et du d\u00e9collet\u00e9. Rehausse la tonicit\u00e9 et l&#8217;\u00e9lasticit\u00e9 de la peau pour un effet tenseur imm\u00e9diat. R\u00e9duit l&#8217;apparence des rides tout en am\u00e9liorant la texture de la peau.\u00a0 S\u00e9rum cou et d\u00e9collet\u00e9 soin anti-\u00e2ge.<\/p>\n","protected":false},"excerpt":{"rendered":"<p>Sp\u00e9cifiquement formul\u00e9 pour agir au niveau du cou et du d\u00e9collet\u00e9. Rehausse la tonicit\u00e9 et l&#8217;\u00e9lasticit\u00e9 de la peau pour un effet tenseur imm\u00e9diat. R\u00e9duit l&#8217;apparence des rides tout en am\u00e9liorant la texture de la peau.\u00a0 S\u00e9rum cou et d\u00e9collet\u00e9 soin anti-\u00e2ge.<\/p>\n","protected":false},"featured_media":10349,"comment_status":"open","ping_status":"closed","template":"","meta":{"_acf_changed":false},"product_cat":[141,53],"product_tag":[],"class_list":{"0":"post-10200","1":"product","2":"type-product","3":"status-publish","4":"has-post-thumbnail","6":"product_cat-g-m-collin","7":"product_cat-serums","9":"first","10":"instock","11":"taxable","12":"shipping-taxable","13":"purchasable","14":"product-type-simple"},"acf":[],"_links":{"self":[{"href":"https:\/\/dev1.micro-esthetique.com\/en\/wp-json\/wp\/v2\/product\/10200","targetHints":{"allow":["GET"]}}],"collection":[{"href":"https:\/\/dev1.micro-esthetique.com\/en\/wp-json\/wp\/v2\/product"}],"about":[{"href":"https:\/\/dev1.micro-esthetique.com\/en\/wp-json\/wp\/v2\/types\/product"}],"replies":[{"embeddable":true,"href":"https:\/\/dev1.micro-esthetique.com\/en\/wp-json\/wp\/v2\/comments?post=10200"}],"wp:featuredmedia":[{"embeddable":true,"href":"https:\/\/dev1.micro-esthetique.com\/en\/wp-json\/wp\/v2\/media\/10349"}],"wp:attachment":[{"href":"https:\/\/dev1.micro-esthetique.com\/en\/wp-json\/wp\/v2\/media?parent=10200"}],"wp:term":[{"taxonomy":"product_cat","embeddable":true,"href":"https:\/\/dev1.micro-esthetique.com\/en\/wp-json\/wp\/v2\/product_cat?post=10200"},{"taxonomy":"product_tag","embeddable":true,"href":"https:\/\/dev1.micro-esthetique.com\/en\/wp-json\/wp\/v2\/product_tag?post=10200"}],"curies":[{"name":"wp","href":"https:\/\/api.w.org\/{rel}","templated":true}]}}

G.M. COLLIN 4D Visible lifting Sérum

<p>Spécifiquement formulé pour agir au niveau du cou et du décolleté. Rehausse la tonicité et l&#8217;élasticité de la peau pour un effet tenseur immédiat. Réduit l&#8217;apparence des rides tout en améliorant la texture de la peau.  Sérum cou et décolleté soin anti-âge.</p>
