{"id":10199,"date":"2024-11-20T17:51:05","date_gmt":"2024-11-20T21:51:05","guid":{"rendered":"https:\/\/dev1.micro-esthetique.com\/?post_type=product&#038;p=10199"},"modified":"2024-11-26T14:55:08","modified_gmt":"2024-11-26T18:55:08","slug":"g-m-collin-4d-visible-lifting","status":"publish","type":"product","link":"https:\/\/dev1.micro-esthetique.com\/en\/produit\/g-m-collin-4d-visible-lifting\/","title":{"rendered":"G.M. COLLIN 4D Visible Lifting"},"content":{"rendered":"<p>Con\u00e7ue pour agir au niveau du visage, cette cr\u00e8me luxueuse cible le rel\u00e2chement cutan\u00e9 et la perte de volume pour une peau d&#8217;apparence plus ferme, repulp\u00e9e et lift\u00e9e. Procure un effet regalbant pour une peau d&#8217;apparence plus jeune et plus radieuse.<br \/>\nCr\u00e8me anti-\u00e2ge.<\/p>\n","protected":false},"excerpt":{"rendered":"<p>Con\u00e7ue pour agir au niveau du visage, cette cr\u00e8me luxueuse cible le rel\u00e2chement cutan\u00e9 et la perte de volume pour une peau d&#8217;apparence plus ferme, repulp\u00e9e et lift\u00e9e. Procure un effet regalbant pour une peau d&#8217;apparence plus jeune et plus radieuse. Cr\u00e8me anti-\u00e2ge.<\/p>\n","protected":false},"featured_media":10381,"comment_status":"open","ping_status":"closed","template":"","meta":{"_acf_changed":false},"product_cat":[141,55],"product_tag":[],"class_list":{"0":"post-10199","1":"product","2":"type-product","3":"status-publish","4":"has-post-thumbnail","6":"product_cat-g-m-collin","7":"product_cat-cremes","9":"first","10":"instock","11":"taxable","12":"shipping-taxable","13":"product-type-simple"},"acf":[],"_links":{"self":[{"href":"https:\/\/dev1.micro-esthetique.com\/en\/wp-json\/wp\/v2\/product\/10199","targetHints":{"allow":["GET"]}}],"collection":[{"href":"https:\/\/dev1.micro-esthetique.com\/en\/wp-json\/wp\/v2\/product"}],"about":[{"href":"https:\/\/dev1.micro-esthetique.com\/en\/wp-json\/wp\/v2\/types\/product"}],"replies":[{"embeddable":true,"href":"https:\/\/dev1.micro-esthetique.com\/en\/wp-json\/wp\/v2\/comments?post=10199"}],"wp:featuredmedia":[{"embeddable":true,"href":"https:\/\/dev1.micro-esthetique.com\/en\/wp-json\/wp\/v2\/media\/10381"}],"wp:attachment":[{"href":"https:\/\/dev1.micro-esthetique.com\/en\/wp-json\/wp\/v2\/media?parent=10199"}],"wp:term":[{"taxonomy":"product_cat","embeddable":true,"href":"https:\/\/dev1.micro-esthetique.com\/en\/wp-json\/wp\/v2\/product_cat?post=10199"},{"taxonomy":"product_tag","embeddable":true,"href":"https:\/\/dev1.micro-esthetique.com\/en\/wp-json\/wp\/v2\/product_tag?post=10199"}],"curies":[{"name":"wp","href":"https:\/\/api.w.org\/{rel}","templated":true}]}}

<p>Conçue pour agir au niveau du visage, cette crème luxueuse cible le relâchement cutané et la perte de volume pour une peau d&#8217;apparence plus ferme, repulpée et liftée. Procure un effet regalbant pour une peau d&#8217;apparence plus jeune et plus radieuse.<br />
Crème anti-âge.</p>

<p>Conçue pour agir au niveau du visage, cette crème luxueuse cible le relâchement cutané et la perte de volume pour une peau d&#8217;apparence plus ferme, repulpée et liftée. Procure un effet regalbant pour une peau d&#8217;apparence plus jeune et plus radieuse. Crème anti-âge.</p>
