{"id":10197,"date":"2024-11-20T17:34:38","date_gmt":"2024-11-20T21:34:38","guid":{"rendered":"https:\/\/dev1.micro-esthetique.com\/?post_type=product&#038;p=10197"},"modified":"2024-11-26T15:07:26","modified_gmt":"2024-11-26T19:07:26","slug":"g-m-collin-mature-perfection","status":"publish","type":"product","link":"https:\/\/dev1.micro-esthetique.com\/en\/produit\/g-m-collin-mature-perfection\/","title":{"rendered":"G.M COLLIN Mature Perfection"},"content":{"rendered":"<p>Con\u00e7ue pour les peaux matures affect\u00e9es par la s\u00e8cheresse, teint terne, rel\u00e2chement cutan\u00e9, rides et ridules. Avec extraits naturels, peptides et c\u00e9ramides.<br \/>\nCr\u00e8me de jour Soin anti-\u00e2ge.<\/p>\n","protected":false},"excerpt":{"rendered":"<p>Con\u00e7ue pour les peaux matures affect\u00e9es par la s\u00e8cheresse, teint terne, rel\u00e2chement cutan\u00e9, rides et ridules. Avec extraits naturels, peptides et c\u00e9ramides. Cr\u00e8me de jour Soin anti-\u00e2ge.<\/p>\n","protected":false},"featured_media":10345,"comment_status":"open","ping_status":"closed","template":"","meta":{"_acf_changed":false},"product_cat":[141,55],"product_tag":[],"class_list":{"0":"post-10197","1":"product","2":"type-product","3":"status-publish","4":"has-post-thumbnail","6":"product_cat-g-m-collin","7":"product_cat-cremes","9":"first","10":"instock","11":"taxable","12":"shipping-taxable","13":"purchasable","14":"product-type-simple"},"acf":[],"_links":{"self":[{"href":"https:\/\/dev1.micro-esthetique.com\/en\/wp-json\/wp\/v2\/product\/10197","targetHints":{"allow":["GET"]}}],"collection":[{"href":"https:\/\/dev1.micro-esthetique.com\/en\/wp-json\/wp\/v2\/product"}],"about":[{"href":"https:\/\/dev1.micro-esthetique.com\/en\/wp-json\/wp\/v2\/types\/product"}],"replies":[{"embeddable":true,"href":"https:\/\/dev1.micro-esthetique.com\/en\/wp-json\/wp\/v2\/comments?post=10197"}],"wp:featuredmedia":[{"embeddable":true,"href":"https:\/\/dev1.micro-esthetique.com\/en\/wp-json\/wp\/v2\/media\/10345"}],"wp:attachment":[{"href":"https:\/\/dev1.micro-esthetique.com\/en\/wp-json\/wp\/v2\/media?parent=10197"}],"wp:term":[{"taxonomy":"product_cat","embeddable":true,"href":"https:\/\/dev1.micro-esthetique.com\/en\/wp-json\/wp\/v2\/product_cat?post=10197"},{"taxonomy":"product_tag","embeddable":true,"href":"https:\/\/dev1.micro-esthetique.com\/en\/wp-json\/wp\/v2\/product_tag?post=10197"}],"curies":[{"name":"wp","href":"https:\/\/api.w.org\/{rel}","templated":true}]}}

<p>Conçue pour les peaux matures affectées par la sècheresse, teint terne, relâchement cutané, rides et ridules. Avec extraits naturels, peptides et céramides.<br />
Crème de jour Soin anti-âge.</p>

<p>Conçue pour les peaux matures affectées par la sècheresse, teint terne, relâchement cutané, rides et ridules. Avec extraits naturels, peptides et céramides. Crème de jour Soin anti-âge.</p>
