{"id":10192,"date":"2024-11-20T16:41:31","date_gmt":"2024-11-20T20:41:31","guid":{"rendered":"https:\/\/dev1.micro-esthetique.com\/?post_type=product&#038;p=10192"},"modified":"2024-11-26T17:28:34","modified_gmt":"2024-11-26T21:28:34","slug":"g-m-collin-ceramide-comfort","status":"publish","type":"product","link":"https:\/\/dev1.micro-esthetique.com\/en\/produit\/g-m-collin-ceramide-comfort\/","title":{"rendered":"G.M COLLIN Ceramide Comfort"},"content":{"rendered":"<p>Suppl\u00e9ment quotidien qui nourrit la peau et r\u00e9duit visiblement les signes de vieillissement tout en am\u00e9liorant le confort de la peau.<br \/>\ns\u00e9rum-Anti-\u00e2ge.<\/p>\n<div data-hveid=\"CBkQAA\" data-ved=\"2ahUKEwiF3PP64euJAxURFlkFHbt8OzAQlcAGegQIGRAA\">\n<div class=\"KsRP6\">\n<div class=\"MDY31c Sb9BPb\">\n<div class=\"QpPSMb\">\n<div class=\"r2VLS\">\n<div data-ias=\"false\">\n<div class=\"y1yadf\">\n<div class=\"CcNe6e v4Zpbe\" tabindex=\"0\" role=\"button\" aria-expanded=\"false\" aria-haspopup=\"true\"><\/div>\n<\/div>\n<\/div>\n<\/div>\n<\/div>\n<\/div>\n<\/div>\n<\/div>\n<div>\n<div class=\"Kot7x\">\n<div id=\"kp-wp-tab-cont-overview\" data-lopri=\"1\" data-rcov=\"1\" data-hveid=\"CDYQAQ\" data-ved=\"2ahUKEwiF3PP64euJAxURFlkFHbt8OzAQydoBKAB6BAg2EAE\">\n<div class=\"xDKLO\">\n<div id=\"kp-wp-tab-overview\" data-hveid=\"CDMQAA\" data-ved=\"2ahUKEwiF3PP64euJAxURFlkFHbt8OzAQkt4BKAB6BAgzEAA\">\n<div class=\"TzHB6b j8lBAb p7kDMc cLjAic LMRCfc kCPgxb\" data-hveid=\"CDkQAA\" data-ved=\"2ahUKEwiF3PP64euJAxURFlkFHbt8OzAQy9oBKAB6BAg5EAA\">\n<div>\n<div class=\"sATSHe\">\n<div>\n<div class=\"pxiwBd\" data-hveid=\"CB8QAA\" data-ved=\"2ahUKEwiF3PP64euJAxURFlkFHbt8OzAQ37gJKAB6BAgfEAA\">\n<div class=\"caNvfd\">\n<div id=\"_mkg-Z4WnNJGs5NoPu_ntgQM_42\" class=\"e8Ck0d CYJS5e MXhHSe VrNAWb qgXkqf\" role=\"complementary\" data-ly=\"\/desktop_bailout_layout\/hero_excluded\/1row\/L\" data-rfcl=\"2\" data-rs=\"1\" aria-label=\"R\u00e9sultats en vedette\" data-nmc=\"2\">\n<div class=\"VNzqVe\">\n<div class=\"e6hL7d\">\n<div class=\"CYJS5e W0urI GHMsie ZHugbd UivI7b\" data-minw=\"270\" data-vdb=\"1\" data-ved=\"2ahUKEwiF3PP64euJAxURFlkFHbt8OzAQkooLKAB6BAgfEAE\">\n<div class=\"v0UHue\" data-hveid=\"CB8QAg\" data-ved=\"2ahUKEwiF3PP64euJAxURFlkFHbt8OzAQziB6BAgfEAI\" data-uncollapsible=\"1\">\n<div class=\"VelOt lg2F2d\">\n<div class=\"ISATce OIlTb iSH7hf VmgTu QAokWb PZPZlf\" tabindex=\"0\" data-attrid=\"VisualDigestDescription\"><\/div>\n<\/div>\n<\/div>\n<\/div>\n<\/div>\n<\/div>\n<\/div>\n<\/div>\n<\/div>\n<\/div>\n<\/div>\n<\/div>\n<\/div>\n<\/div>\n<\/div>\n<\/div>\n<\/div>\n<\/div>\n","protected":false},"excerpt":{"rendered":"<p>Suppl\u00e9ment quotidien qui nourrit la peau et r\u00e9duit visiblement les signes de vieillissement tout en am\u00e9liorant le confort de la peau. s\u00e9rum-Anti-\u00e2ge.<\/p>\n","protected":false},"featured_media":10357,"comment_status":"open","ping_status":"closed","template":"","meta":{"_acf_changed":false},"product_cat":[141,53],"product_tag":[],"class_list":{"0":"post-10192","1":"product","2":"type-product","3":"status-publish","4":"has-post-thumbnail","6":"product_cat-g-m-collin","7":"product_cat-serums","9":"first","10":"instock","11":"taxable","12":"shipping-taxable","13":"purchasable","14":"product-type-simple"},"acf":[],"_links":{"self":[{"href":"https:\/\/dev1.micro-esthetique.com\/en\/wp-json\/wp\/v2\/product\/10192","targetHints":{"allow":["GET"]}}],"collection":[{"href":"https:\/\/dev1.micro-esthetique.com\/en\/wp-json\/wp\/v2\/product"}],"about":[{"href":"https:\/\/dev1.micro-esthetique.com\/en\/wp-json\/wp\/v2\/types\/product"}],"replies":[{"embeddable":true,"href":"https:\/\/dev1.micro-esthetique.com\/en\/wp-json\/wp\/v2\/comments?post=10192"}],"wp:featuredmedia":[{"embeddable":true,"href":"https:\/\/dev1.micro-esthetique.com\/en\/wp-json\/wp\/v2\/media\/10357"}],"wp:attachment":[{"href":"https:\/\/dev1.micro-esthetique.com\/en\/wp-json\/wp\/v2\/media?parent=10192"}],"wp:term":[{"taxonomy":"product_cat","embeddable":true,"href":"https:\/\/dev1.micro-esthetique.com\/en\/wp-json\/wp\/v2\/product_cat?post=10192"},{"taxonomy":"product_tag","embeddable":true,"href":"https:\/\/dev1.micro-esthetique.com\/en\/wp-json\/wp\/v2\/product_tag?post=10192"}],"curies":[{"name":"wp","href":"https:\/\/api.w.org\/{rel}","templated":true}]}}

<p>Supplément quotidien qui nourrit la peau et réduit visiblement les signes de vieillissement tout en améliorant le confort de la peau.<br />
sérum-Anti-âge.</p>
<div data-hveid="CBkQAA" data-ved="2ahUKEwiF3PP64euJAxURFlkFHbt8OzAQlcAGegQIGRAA">
<div class="KsRP6">
<div class="MDY31c Sb9BPb">
<div class="QpPSMb">
<div class="r2VLS">
<div data-ias="false">
<div class="y1yadf">
<div class="CcNe6e v4Zpbe" tabindex="0" role="button" aria-expanded="false" aria-haspopup="true"></div>
</div>
</div>
</div>
</div>
</div>
</div>
</div>
<div>
<div class="Kot7x">
<div id="kp-wp-tab-cont-overview" data-lopri="1" data-rcov="1" data-hveid="CDYQAQ" data-ved="2ahUKEwiF3PP64euJAxURFlkFHbt8OzAQydoBKAB6BAg2EAE">
<div class="xDKLO">
<div id="kp-wp-tab-overview" data-hveid="CDMQAA" data-ved="2ahUKEwiF3PP64euJAxURFlkFHbt8OzAQkt4BKAB6BAgzEAA">
<div class="TzHB6b j8lBAb p7kDMc cLjAic LMRCfc kCPgxb" data-hveid="CDkQAA" data-ved="2ahUKEwiF3PP64euJAxURFlkFHbt8OzAQy9oBKAB6BAg5EAA">
<div>
<div class="sATSHe">
<div>
<div class="pxiwBd" data-hveid="CB8QAA" data-ved="2ahUKEwiF3PP64euJAxURFlkFHbt8OzAQ37gJKAB6BAgfEAA">
<div class="caNvfd">
<div id="_mkg-Z4WnNJGs5NoPu_ntgQM_42" class="e8Ck0d CYJS5e MXhHSe VrNAWb qgXkqf" role="complementary" data-ly="/desktop_bailout_layout/hero_excluded/1row/L" data-rfcl="2" data-rs="1" aria-label="Résultats en vedette" data-nmc="2">
<div class="VNzqVe">
<div class="e6hL7d">
<div class="CYJS5e W0urI GHMsie ZHugbd UivI7b" data-minw="270" data-vdb="1" data-ved="2ahUKEwiF3PP64euJAxURFlkFHbt8OzAQkooLKAB6BAgfEAE">
<div class="v0UHue" data-hveid="CB8QAg" data-ved="2ahUKEwiF3PP64euJAxURFlkFHbt8OzAQziB6BAgfEAI" data-uncollapsible="1">
<div class="VelOt lg2F2d">
<div class="ISATce OIlTb iSH7hf VmgTu QAokWb PZPZlf" tabindex="0" data-attrid="VisualDigestDescription"></div>
</div>
</div>
</div>
</div>
</div>
</div>
</div>
</div>
</div>
</div>
</div>
</div>
</div>
</div>
</div>
</div>
</div>

<p>Supplément quotidien qui nourrit la peau et réduit visiblement les signes de vieillissement tout en améliorant le confort de la peau. sérum-Anti-âge.</p>
