{"id":10191,"date":"2024-11-20T16:33:09","date_gmt":"2024-11-20T20:33:09","guid":{"rendered":"https:\/\/dev1.micro-esthetique.com\/?post_type=product&#038;p=10191"},"modified":"2024-11-26T17:30:50","modified_gmt":"2024-11-26T21:30:50","slug":"g-m-collin-marine-collagen-creme-revitalisante","status":"publish","type":"product","link":"https:\/\/dev1.micro-esthetique.com\/en\/produit\/g-m-collin-marine-collagen-creme-revitalisante\/","title":{"rendered":"G.M. COLLIN Marine Collagen Cr\u00e8me Revitalisante"},"content":{"rendered":"<p>Adoucit visiblement et r\u00e9duit l&#8217;apparence des rides et ridules. Procure une hydratation intense tout en am\u00e9liorant la texture de la peau.<br \/>\nsoin anti-\u00e2ge.<\/p>\n","protected":false},"excerpt":{"rendered":"<p>Adoucit visiblement et r\u00e9duit l&#8217;apparence des rides et ridules. Procure une hydratation intense tout en am\u00e9liorant la texture de la peau. soin anti-\u00e2ge.<\/p>\n","protected":false},"featured_media":10361,"comment_status":"open","ping_status":"closed","template":"","meta":{"_acf_changed":false},"product_cat":[141,55],"product_tag":[],"class_list":{"0":"post-10191","1":"product","2":"type-product","3":"status-publish","4":"has-post-thumbnail","6":"product_cat-g-m-collin","7":"product_cat-cremes","9":"first","10":"instock","11":"taxable","12":"shipping-taxable","13":"purchasable","14":"product-type-simple"},"acf":[],"_links":{"self":[{"href":"https:\/\/dev1.micro-esthetique.com\/en\/wp-json\/wp\/v2\/product\/10191","targetHints":{"allow":["GET"]}}],"collection":[{"href":"https:\/\/dev1.micro-esthetique.com\/en\/wp-json\/wp\/v2\/product"}],"about":[{"href":"https:\/\/dev1.micro-esthetique.com\/en\/wp-json\/wp\/v2\/types\/product"}],"replies":[{"embeddable":true,"href":"https:\/\/dev1.micro-esthetique.com\/en\/wp-json\/wp\/v2\/comments?post=10191"}],"wp:featuredmedia":[{"embeddable":true,"href":"https:\/\/dev1.micro-esthetique.com\/en\/wp-json\/wp\/v2\/media\/10361"}],"wp:attachment":[{"href":"https:\/\/dev1.micro-esthetique.com\/en\/wp-json\/wp\/v2\/media?parent=10191"}],"wp:term":[{"taxonomy":"product_cat","embeddable":true,"href":"https:\/\/dev1.micro-esthetique.com\/en\/wp-json\/wp\/v2\/product_cat?post=10191"},{"taxonomy":"product_tag","embeddable":true,"href":"https:\/\/dev1.micro-esthetique.com\/en\/wp-json\/wp\/v2\/product_tag?post=10191"}],"curies":[{"name":"wp","href":"https:\/\/api.w.org\/{rel}","templated":true}]}}

G.M. COLLIN Marine Collagen Crème Revitalisante

<p>Adoucit visiblement et réduit l&#8217;apparence des rides et ridules. Procure une hydratation intense tout en améliorant la texture de la peau.<br />
soin anti-âge.</p>

<p>Adoucit visiblement et réduit l&#8217;apparence des rides et ridules. Procure une hydratation intense tout en améliorant la texture de la peau. soin anti-âge.</p>
