{"id":10189,"date":"2024-11-20T15:57:11","date_gmt":"2024-11-20T19:57:11","guid":{"rendered":"https:\/\/dev1.micro-esthetique.com\/?post_type=product&#038;p=10189"},"modified":"2024-12-02T16:35:07","modified_gmt":"2024-12-02T20:35:07","slug":"g-m-collin-glow-masque","status":"publish","type":"product","link":"https:\/\/dev1.micro-esthetique.com\/en\/produit\/g-m-collin-glow-masque\/","title":{"rendered":"G.M COLLIN Glow Masque"},"content":{"rendered":"<p>Cocktail vitamin\u00e9. Ce masque glow \u00e9veille la peau fatigu\u00e9e gr\u00e2ce \u00e0 son cocktail vitamin\u00e9. il procure un v\u00e9ritable coup d&#8217;\u00e9clat tout en aidant \u00e0 retrouver souplesse et hydratation.<br \/>\nPour tout type de peau.<\/p>\n","protected":false},"excerpt":{"rendered":"<p>Cocktail vitamin\u00e9. Ce masque glow \u00e9veille la peau fatigu\u00e9e gr\u00e2ce \u00e0 son cocktail vitamin\u00e9. il procure un v\u00e9ritable coup d&#8217;\u00e9clat tout en aidant \u00e0 retrouver souplesse et hydratation. Pour tout type de peau.<\/p>\n","protected":false},"featured_media":10265,"comment_status":"open","ping_status":"closed","template":"","meta":{"_acf_changed":false},"product_cat":[141,66],"product_tag":[],"class_list":{"0":"post-10189","1":"product","2":"type-product","3":"status-publish","4":"has-post-thumbnail","6":"product_cat-g-m-collin","7":"product_cat-masques","9":"first","10":"instock","11":"taxable","12":"shipping-taxable","13":"purchasable","14":"product-type-simple"},"acf":[],"_links":{"self":[{"href":"https:\/\/dev1.micro-esthetique.com\/en\/wp-json\/wp\/v2\/product\/10189","targetHints":{"allow":["GET"]}}],"collection":[{"href":"https:\/\/dev1.micro-esthetique.com\/en\/wp-json\/wp\/v2\/product"}],"about":[{"href":"https:\/\/dev1.micro-esthetique.com\/en\/wp-json\/wp\/v2\/types\/product"}],"replies":[{"embeddable":true,"href":"https:\/\/dev1.micro-esthetique.com\/en\/wp-json\/wp\/v2\/comments?post=10189"}],"wp:featuredmedia":[{"embeddable":true,"href":"https:\/\/dev1.micro-esthetique.com\/en\/wp-json\/wp\/v2\/media\/10265"}],"wp:attachment":[{"href":"https:\/\/dev1.micro-esthetique.com\/en\/wp-json\/wp\/v2\/media?parent=10189"}],"wp:term":[{"taxonomy":"product_cat","embeddable":true,"href":"https:\/\/dev1.micro-esthetique.com\/en\/wp-json\/wp\/v2\/product_cat?post=10189"},{"taxonomy":"product_tag","embeddable":true,"href":"https:\/\/dev1.micro-esthetique.com\/en\/wp-json\/wp\/v2\/product_tag?post=10189"}],"curies":[{"name":"wp","href":"https:\/\/api.w.org\/{rel}","templated":true}]}}

<p>Cocktail vitaminé. Ce masque glow éveille la peau fatiguée grâce à son cocktail vitaminé. il procure un véritable coup d&#8217;éclat tout en aidant à retrouver souplesse et hydratation.<br />
Pour tout type de peau.</p>

<p>Cocktail vitaminé. Ce masque glow éveille la peau fatiguée grâce à son cocktail vitaminé. il procure un véritable coup d&#8217;éclat tout en aidant à retrouver souplesse et hydratation. Pour tout type de peau.</p>
