{"id":10187,"date":"2024-11-20T15:37:26","date_gmt":"2024-11-20T19:37:26","guid":{"rendered":"https:\/\/dev1.micro-esthetique.com\/?post_type=product&#038;p=10187"},"modified":"2024-12-02T16:37:22","modified_gmt":"2024-12-02T20:37:22","slug":"g-m-collin-aqua-masque-hydratation-intense","status":"publish","type":"product","link":"https:\/\/dev1.micro-esthetique.com\/en\/produit\/g-m-collin-aqua-masque-hydratation-intense\/","title":{"rendered":"G.M COLLIN Aqua Masque Hydratation Intense"},"content":{"rendered":"<p>Ce masque gel rafraichissant et intens\u00e9ment hydratant nourrit\u00a0 la peau, r\u00e9g\u00e9n\u00e8re la barri\u00e8re d&#8217;hydratation cutan\u00e9e et apaise la sensation d&#8217;inconfort d\u00fb au manque d&#8217;hydratation.<\/p>\n","protected":false},"excerpt":{"rendered":"<p>Ce masque gel rafraichissant et intens\u00e9ment hydratant nourrit\u00a0 la peau, r\u00e9g\u00e9n\u00e8re la barri\u00e8re d&#8217;hydratation cutan\u00e9e et apaise la sensation d&#8217;inconfort d\u00fb au manque d&#8217;hydratation.<\/p>\n","protected":false},"featured_media":10263,"comment_status":"open","ping_status":"closed","template":"","meta":{"_acf_changed":false},"product_cat":[141,66],"product_tag":[],"class_list":{"0":"post-10187","1":"product","2":"type-product","3":"status-publish","4":"has-post-thumbnail","6":"product_cat-g-m-collin","7":"product_cat-masques","9":"first","10":"instock","11":"taxable","12":"shipping-taxable","13":"purchasable","14":"product-type-simple"},"acf":[],"_links":{"self":[{"href":"https:\/\/dev1.micro-esthetique.com\/en\/wp-json\/wp\/v2\/product\/10187","targetHints":{"allow":["GET"]}}],"collection":[{"href":"https:\/\/dev1.micro-esthetique.com\/en\/wp-json\/wp\/v2\/product"}],"about":[{"href":"https:\/\/dev1.micro-esthetique.com\/en\/wp-json\/wp\/v2\/types\/product"}],"replies":[{"embeddable":true,"href":"https:\/\/dev1.micro-esthetique.com\/en\/wp-json\/wp\/v2\/comments?post=10187"}],"wp:featuredmedia":[{"embeddable":true,"href":"https:\/\/dev1.micro-esthetique.com\/en\/wp-json\/wp\/v2\/media\/10263"}],"wp:attachment":[{"href":"https:\/\/dev1.micro-esthetique.com\/en\/wp-json\/wp\/v2\/media?parent=10187"}],"wp:term":[{"taxonomy":"product_cat","embeddable":true,"href":"https:\/\/dev1.micro-esthetique.com\/en\/wp-json\/wp\/v2\/product_cat?post=10187"},{"taxonomy":"product_tag","embeddable":true,"href":"https:\/\/dev1.micro-esthetique.com\/en\/wp-json\/wp\/v2\/product_tag?post=10187"}],"curies":[{"name":"wp","href":"https:\/\/api.w.org\/{rel}","templated":true}]}}

<p>Ce masque gel rafraichissant et intensément hydratant nourrit  la peau, régénère la barrière d&#8217;hydratation cutanée et apaise la sensation d&#8217;inconfort dû au manque d&#8217;hydratation.</p>
