{"id":10170,"date":"2024-11-20T14:23:56","date_gmt":"2024-11-20T18:23:56","guid":{"rendered":"https:\/\/dev1.micro-esthetique.com\/?post_type=product&#038;p=10170"},"modified":"2024-12-02T16:44:48","modified_gmt":"2024-12-02T20:44:48","slug":"g-m-collin-puractive-complexe-aux-huiles-essentielles","status":"publish","type":"product","link":"https:\/\/dev1.micro-esthetique.com\/en\/produit\/g-m-collin-puractive-complexe-aux-huiles-essentielles\/","title":{"rendered":"G.M. COLLIN Puractive Complexe Aux Huiles Essentielles"},"content":{"rendered":"<p>Pour les imperfections localis\u00e9es et com\u00e9dons. Complexe purifiant et assainissant, r\u00e9duit l&#8217;apparence des \u00e9ruption cutan\u00e9es, calme et apaise.<br \/>\nPour peau grasse \u00e0 tendance acn\u00e8ique.<\/p>\n","protected":false},"excerpt":{"rendered":"<p>Pour les imperfections localis\u00e9es et com\u00e9dons. Complexe purifiant et assainissant, r\u00e9duit l&#8217;apparence des \u00e9ruption cutan\u00e9es, calme et apaise. Pour peau grasse \u00e0 tendance acn\u00e8ique.<\/p>\n","protected":false},"featured_media":10259,"comment_status":"open","ping_status":"closed","template":"","meta":{"_acf_changed":false},"product_cat":[141,55],"product_tag":[],"class_list":{"0":"post-10170","1":"product","2":"type-product","3":"status-publish","4":"has-post-thumbnail","6":"product_cat-g-m-collin","7":"product_cat-cremes","9":"first","10":"instock","11":"taxable","12":"shipping-taxable","13":"purchasable","14":"product-type-simple"},"acf":[],"_links":{"self":[{"href":"https:\/\/dev1.micro-esthetique.com\/en\/wp-json\/wp\/v2\/product\/10170","targetHints":{"allow":["GET"]}}],"collection":[{"href":"https:\/\/dev1.micro-esthetique.com\/en\/wp-json\/wp\/v2\/product"}],"about":[{"href":"https:\/\/dev1.micro-esthetique.com\/en\/wp-json\/wp\/v2\/types\/product"}],"replies":[{"embeddable":true,"href":"https:\/\/dev1.micro-esthetique.com\/en\/wp-json\/wp\/v2\/comments?post=10170"}],"wp:featuredmedia":[{"embeddable":true,"href":"https:\/\/dev1.micro-esthetique.com\/en\/wp-json\/wp\/v2\/media\/10259"}],"wp:attachment":[{"href":"https:\/\/dev1.micro-esthetique.com\/en\/wp-json\/wp\/v2\/media?parent=10170"}],"wp:term":[{"taxonomy":"product_cat","embeddable":true,"href":"https:\/\/dev1.micro-esthetique.com\/en\/wp-json\/wp\/v2\/product_cat?post=10170"},{"taxonomy":"product_tag","embeddable":true,"href":"https:\/\/dev1.micro-esthetique.com\/en\/wp-json\/wp\/v2\/product_tag?post=10170"}],"curies":[{"name":"wp","href":"https:\/\/api.w.org\/{rel}","templated":true}]}}

<p>Pour les imperfections localisées et comédons. Complexe purifiant et assainissant, réduit l&#8217;apparence des éruption cutanées, calme et apaise.<br />
Pour peau grasse à tendance acnèique.</p>

<p>Pour les imperfections localisées et comédons. Complexe purifiant et assainissant, réduit l&#8217;apparence des éruption cutanées, calme et apaise. Pour peau grasse à tendance acnèique.</p>
