{"id":10027,"date":"2024-11-19T12:52:48","date_gmt":"2024-11-19T16:52:48","guid":{"rendered":"https:\/\/dev1.micro-esthetique.com\/?post_type=product&#038;p=10027"},"modified":"2024-12-02T16:53:14","modified_gmt":"2024-12-02T20:53:14","slug":"g-m-collin-sensiderm-lait-nettoyant","status":"publish","type":"product","link":"https:\/\/dev1.micro-esthetique.com\/en\/produit\/g-m-collin-sensiderm-lait-nettoyant\/","title":{"rendered":"G.M. COLLIN Sensiderm Lait Nettoyant"},"content":{"rendered":"<p>Lait nettoyant, d\u00e9maquillant et apaisant. Dissout s\u00e9bum, impuret\u00e9s et maquillage.<br \/>\npour peau sensible.<\/p>\n","protected":false},"excerpt":{"rendered":"<p>Lait nettoyant, d\u00e9maquillant et apaisant. Dissout s\u00e9bum, impuret\u00e9s et maquillage. pour peau sensible.<\/p>\n","protected":false},"featured_media":10325,"comment_status":"open","ping_status":"closed","template":"","meta":{"_acf_changed":false},"product_cat":[141,63],"product_tag":[],"class_list":{"0":"post-10027","1":"product","2":"type-product","3":"status-publish","4":"has-post-thumbnail","6":"product_cat-g-m-collin","7":"product_cat-nettoyants","9":"first","10":"instock","11":"taxable","12":"shipping-taxable","13":"purchasable","14":"product-type-simple"},"acf":[],"_links":{"self":[{"href":"https:\/\/dev1.micro-esthetique.com\/en\/wp-json\/wp\/v2\/product\/10027","targetHints":{"allow":["GET"]}}],"collection":[{"href":"https:\/\/dev1.micro-esthetique.com\/en\/wp-json\/wp\/v2\/product"}],"about":[{"href":"https:\/\/dev1.micro-esthetique.com\/en\/wp-json\/wp\/v2\/types\/product"}],"replies":[{"embeddable":true,"href":"https:\/\/dev1.micro-esthetique.com\/en\/wp-json\/wp\/v2\/comments?post=10027"}],"wp:featuredmedia":[{"embeddable":true,"href":"https:\/\/dev1.micro-esthetique.com\/en\/wp-json\/wp\/v2\/media\/10325"}],"wp:attachment":[{"href":"https:\/\/dev1.micro-esthetique.com\/en\/wp-json\/wp\/v2\/media?parent=10027"}],"wp:term":[{"taxonomy":"product_cat","embeddable":true,"href":"https:\/\/dev1.micro-esthetique.com\/en\/wp-json\/wp\/v2\/product_cat?post=10027"},{"taxonomy":"product_tag","embeddable":true,"href":"https:\/\/dev1.micro-esthetique.com\/en\/wp-json\/wp\/v2\/product_tag?post=10027"}],"curies":[{"name":"wp","href":"https:\/\/api.w.org\/{rel}","templated":true}]}}

<p>Lait nettoyant, démaquillant et apaisant. Dissout sébum, impuretés et maquillage.<br />
pour peau sensible.</p>

<p>Lait nettoyant, démaquillant et apaisant. Dissout sébum, impuretés et maquillage. pour peau sensible.</p>
